{"id":18417,"date":"2023-08-14T16:39:38","date_gmt":"2023-08-14T16:39:38","guid":{"rendered":"https:\/\/accessstudy.artcrea.com.tr\/?page_id=18417"},"modified":"2023-12-21T11:31:09","modified_gmt":"2023-12-21T11:31:09","slug":"yazkamplari","status":"publish","type":"page","link":"https:\/\/s-royaledu.com\/eng\/yazkamplari\/","title":{"rendered":"Summer Camps"},"content":{"rendered":"<div data-elementor-type=\"wp-page\" data-elementor-id=\"18417\" class=\"elementor elementor-18417\" data-elementor-post-type=\"page\">\n\t\t\t\t\t\t<section class=\"elementor-section elementor-top-section elementor-element elementor-element-c0ee4db elementor-section-boxed elementor-section-height-default elementor-section-height-default\" data-id=\"c0ee4db\" data-element_type=\"section\">\n\t\t\t\t\t\t<div class=\"elementor-container elementor-column-gap-default\">\n\t\t\t\t\t<div class=\"elementor-column elementor-col-100 elementor-top-column elementor-element elementor-element-f76a79f\" data-id=\"f76a79f\" data-element_type=\"column\">\n\t\t\t<div class=\"elementor-widget-wrap elementor-element-populated\">\n\t\t\t\t\t\t<div class=\"elementor-element elementor-element-f66efe2 elementor-widget elementor-widget-text-editor\" data-id=\"f66efe2\" data-element_type=\"widget\" data-widget_type=\"text-editor.default\">\n\t\t\t\t<div class=\"elementor-widget-container\">\n\t\t\t\t\t\t\t<h3><span style=\"color: #000080;\"><strong>Discover different countries, wonderful cultures, and your own world at Summer Camps!<\/strong><\/span><\/h3><p><strong>Summer camps ,<\/strong>offer a fully immersive experience in an English-speaking environment. Participants are surrounded by English speakers, which helps them develop and practice natural language learning.<\/p><p>To lands of breathtaking landscapes, friendly people and amazing summer adventures \u2013 Set amidst pristine forests, sparkling lakes and remoteness, summer camps offer a unique experience for children and teenagers from around the world.<\/p><p>\u00a0Quality facilities, expert instruction, and small group sizes ensure a dynamic and fun experience for every participant. In all our programs we emphasize individual skills development, participation, cooperation, and most of all, fun!<\/p><p>Safety and inclusivity are paramount at summer camps. Trained staff ensures a secure environment, fostering personal growth and self-confidence. Campers are encouraged to embrace their individuality, fostering a supportive atmosphere where everyone feels accepted and valued.<\/p><p>Embark on a summer filled with laughter, new friendships, and unforgettable experiences in the heart of the world. <strong>Summer camps are not just a place to have fun; they're a gateway to personal growth, cultural exchange, and a lifelong love for you<\/strong>; <strong>.<\/strong> Come join us and create memories that will last a lifetime!<\/p>\t\t\t\t\t\t<\/div>\n\t\t\t\t<\/div>\n\t\t\t\t\t<\/div>\n\t\t<\/div>\n\t\t\t\t\t<\/div>\n\t\t<\/section>\n\t\t\t\t<section class=\"elementor-section elementor-top-section elementor-element elementor-element-2b645cf elementor-section-boxed elementor-section-height-default elementor-section-height-default\" data-id=\"2b645cf\" data-element_type=\"section\">\n\t\t\t\t\t\t<div class=\"elementor-container elementor-column-gap-default\">\n\t\t\t\t\t<div class=\"elementor-column elementor-col-100 elementor-top-column elementor-element elementor-element-f6eec45\" data-id=\"f6eec45\" data-element_type=\"column\">\n\t\t\t<div class=\"elementor-widget-wrap elementor-element-populated\">\n\t\t\t\t\t\t<div class=\"elementor-element elementor-element-6012afc elementor-widget elementor-widget-gallery\" data-id=\"6012afc\" data-element_type=\"widget\" data-settings=\"{&quot;lazyload&quot;:&quot;yes&quot;,&quot;gallery_layout&quot;:&quot;grid&quot;,&quot;columns&quot;:4,&quot;columns_tablet&quot;:2,&quot;columns_mobile&quot;:1,&quot;gap&quot;:{&quot;unit&quot;:&quot;px&quot;,&quot;size&quot;:10,&quot;sizes&quot;:[]},&quot;gap_tablet&quot;:{&quot;unit&quot;:&quot;px&quot;,&quot;size&quot;:10,&quot;sizes&quot;:[]},&quot;gap_mobile&quot;:{&quot;unit&quot;:&quot;px&quot;,&quot;size&quot;:10,&quot;sizes&quot;:[]},&quot;link_to&quot;:&quot;file&quot;,&quot;aspect_ratio&quot;:&quot;3:2&quot;,&quot;overlay_background&quot;:&quot;yes&quot;,&quot;content_hover_animation&quot;:&quot;fade-in&quot;}\" data-widget_type=\"gallery.default\">\n\t\t\t\t<div class=\"elementor-widget-container\">\n\t\t\t\t\t<div class=\"elementor-gallery__container\">\n\t\t\t\t\t\t\t<a class=\"e-gallery-item elementor-gallery-item elementor-animated-content\" href=\"https:\/\/s-royaledu.com\/wp-content\/uploads\/2023\/12\/3.jpg\" data-elementor-open-lightbox=\"yes\" data-elementor-lightbox-slideshow=\"6012afc\" data-elementor-lightbox-title=\"3\" data-e-action-hash=\"#elementor-action%3Aaction%3Dlightbox%26settings%3DeyJpZCI6MjMwNjUsInVybCI6Imh0dHBzOlwvXC9zLXJveWFsZWR1LmNvbVwvd3AtY29udGVudFwvdXBsb2Fkc1wvMjAyM1wvMTJcLzMuanBnIiwic2xpZGVzaG93IjoiNjAxMmFmYyJ9\">\n\t\t\t\t\t<div class=\"e-gallery-image elementor-gallery-item__image\" data-thumbnail=\"https:\/\/s-royaledu.com\/wp-content\/uploads\/2023\/12\/3-1024x683.jpg\" data-width=\"525\" data-height=\"350\" aria-label=\"\" role=\"img\" ><\/div>\n\t\t\t\t\t\t\t\t\t\t\t<div class=\"elementor-gallery-item__overlay\"><\/div>\n\t\t\t\t\t\t\t\t\t\t\t\t\t\t<\/a>\n\t\t\t\t\t\t\t<a class=\"e-gallery-item elementor-gallery-item elementor-animated-content\" href=\"https:\/\/s-royaledu.com\/wp-content\/uploads\/2023\/12\/7.jpg\" data-elementor-open-lightbox=\"yes\" data-elementor-lightbox-slideshow=\"6012afc\" data-elementor-lightbox-title=\"7\" data-e-action-hash=\"#elementor-action%3Aaction%3Dlightbox%26settings%3DeyJpZCI6MjMwNjgsInVybCI6Imh0dHBzOlwvXC9zLXJveWFsZWR1LmNvbVwvd3AtY29udGVudFwvdXBsb2Fkc1wvMjAyM1wvMTJcLzcuanBnIiwic2xpZGVzaG93IjoiNjAxMmFmYyJ9\">\n\t\t\t\t\t<div class=\"e-gallery-image elementor-gallery-item__image\" data-thumbnail=\"https:\/\/s-royaledu.com\/wp-content\/uploads\/2023\/12\/7.jpg\" data-width=\"525\" data-height=\"306\" aria-label=\"\" role=\"img\" ><\/div>\n\t\t\t\t\t\t\t\t\t\t\t<div class=\"elementor-gallery-item__overlay\"><\/div>\n\t\t\t\t\t\t\t\t\t\t\t\t\t\t<\/a>\n\t\t\t\t\t\t\t<a class=\"e-gallery-item elementor-gallery-item elementor-animated-content\" href=\"https:\/\/s-royaledu.com\/wp-content\/uploads\/2023\/12\/4.jpg\" data-elementor-open-lightbox=\"yes\" data-elementor-lightbox-slideshow=\"6012afc\" data-elementor-lightbox-title=\"4\" data-e-action-hash=\"#elementor-action%3Aaction%3Dlightbox%26settings%3DeyJpZCI6MjMwNjYsInVybCI6Imh0dHBzOlwvXC9zLXJveWFsZWR1LmNvbVwvd3AtY29udGVudFwvdXBsb2Fkc1wvMjAyM1wvMTJcLzQuanBnIiwic2xpZGVzaG93IjoiNjAxMmFmYyJ9\">\n\t\t\t\t\t<div class=\"e-gallery-image elementor-gallery-item__image\" data-thumbnail=\"https:\/\/s-royaledu.com\/wp-content\/uploads\/2023\/12\/4-1024x768.jpg\" data-width=\"525\" data-height=\"394\" aria-label=\"\" role=\"img\" ><\/div>\n\t\t\t\t\t\t\t\t\t\t\t<div class=\"elementor-gallery-item__overlay\"><\/div>\n\t\t\t\t\t\t\t\t\t\t\t\t\t\t<\/a>\n\t\t\t\t\t\t\t<a class=\"e-gallery-item elementor-gallery-item elementor-animated-content\" href=\"https:\/\/s-royaledu.com\/wp-content\/uploads\/2023\/12\/8.jpg\" data-elementor-open-lightbox=\"yes\" data-elementor-lightbox-slideshow=\"6012afc\" data-elementor-lightbox-title=\"8\" data-e-action-hash=\"#elementor-action%3Aaction%3Dlightbox%26settings%3DeyJpZCI6MjMwNjksInVybCI6Imh0dHBzOlwvXC9zLXJveWFsZWR1LmNvbVwvd3AtY29udGVudFwvdXBsb2Fkc1wvMjAyM1wvMTJcLzguanBnIiwic2xpZGVzaG93IjoiNjAxMmFmYyJ9\">\n\t\t\t\t\t<div class=\"e-gallery-image elementor-gallery-item__image\" data-thumbnail=\"https:\/\/s-royaledu.com\/wp-content\/uploads\/2023\/12\/8-1024x640.jpg\" data-width=\"525\" data-height=\"328\" aria-label=\"\" role=\"img\" ><\/div>\n\t\t\t\t\t\t\t\t\t\t\t<div class=\"elementor-gallery-item__overlay\"><\/div>\n\t\t\t\t\t\t\t\t\t\t\t\t\t\t<\/a>\n\t\t\t\t\t\t\t<a class=\"e-gallery-item elementor-gallery-item elementor-animated-content\" href=\"https:\/\/s-royaledu.com\/wp-content\/uploads\/2023\/12\/15.jpg\" data-elementor-open-lightbox=\"yes\" data-elementor-lightbox-slideshow=\"6012afc\" data-elementor-lightbox-title=\"15\" data-e-action-hash=\"#elementor-action%3Aaction%3Dlightbox%26settings%3DeyJpZCI6MjMwNzYsInVybCI6Imh0dHBzOlwvXC9zLXJveWFsZWR1LmNvbVwvd3AtY29udGVudFwvdXBsb2Fkc1wvMjAyM1wvMTJcLzE1LmpwZyIsInNsaWRlc2hvdyI6IjYwMTJhZmMifQ%3D%3D\">\n\t\t\t\t\t<div class=\"e-gallery-image elementor-gallery-item__image\" data-thumbnail=\"https:\/\/s-royaledu.com\/wp-content\/uploads\/2023\/12\/15-1024x512.jpg\" data-width=\"525\" data-height=\"263\" aria-label=\"\" role=\"img\" ><\/div>\n\t\t\t\t\t\t\t\t\t\t\t<div class=\"elementor-gallery-item__overlay\"><\/div>\n\t\t\t\t\t\t\t\t\t\t\t\t\t\t<\/a>\n\t\t\t\t\t\t\t<a class=\"e-gallery-item elementor-gallery-item elementor-animated-content\" href=\"https:\/\/s-royaledu.com\/wp-content\/uploads\/2023\/12\/13.jpg\" data-elementor-open-lightbox=\"yes\" data-elementor-lightbox-slideshow=\"6012afc\" data-elementor-lightbox-title=\"13\" data-e-action-hash=\"#elementor-action%3Aaction%3Dlightbox%26settings%3DeyJpZCI6MjMwNzQsInVybCI6Imh0dHBzOlwvXC9zLXJveWFsZWR1LmNvbVwvd3AtY29udGVudFwvdXBsb2Fkc1wvMjAyM1wvMTJcLzEzLmpwZyIsInNsaWRlc2hvdyI6IjYwMTJhZmMifQ%3D%3D\">\n\t\t\t\t\t<div class=\"e-gallery-image elementor-gallery-item__image\" data-thumbnail=\"https:\/\/s-royaledu.com\/wp-content\/uploads\/2023\/12\/13.jpg\" data-width=\"525\" data-height=\"394\" aria-label=\"\" role=\"img\" ><\/div>\n\t\t\t\t\t\t\t\t\t\t\t<div class=\"elementor-gallery-item__overlay\"><\/div>\n\t\t\t\t\t\t\t\t\t\t\t\t\t\t<\/a>\n\t\t\t\t\t\t\t<a class=\"e-gallery-item elementor-gallery-item elementor-animated-content\" href=\"https:\/\/s-royaledu.com\/wp-content\/uploads\/2023\/12\/17.jpg\" data-elementor-open-lightbox=\"yes\" data-elementor-lightbox-slideshow=\"6012afc\" data-elementor-lightbox-title=\"17\" data-e-action-hash=\"#elementor-action%3Aaction%3Dlightbox%26settings%3DeyJpZCI6MjMwNzcsInVybCI6Imh0dHBzOlwvXC9zLXJveWFsZWR1LmNvbVwvd3AtY29udGVudFwvdXBsb2Fkc1wvMjAyM1wvMTJcLzE3LmpwZyIsInNsaWRlc2hvdyI6IjYwMTJhZmMifQ%3D%3D\">\n\t\t\t\t\t<div class=\"e-gallery-image elementor-gallery-item__image\" data-thumbnail=\"https:\/\/s-royaledu.com\/wp-content\/uploads\/2023\/12\/17.jpg\" data-width=\"525\" data-height=\"394\" aria-label=\"\" role=\"img\" ><\/div>\n\t\t\t\t\t\t\t\t\t\t\t<div class=\"elementor-gallery-item__overlay\"><\/div>\n\t\t\t\t\t\t\t\t\t\t\t\t\t\t<\/a>\n\t\t\t\t\t\t\t<a class=\"e-gallery-item elementor-gallery-item elementor-animated-content\" href=\"https:\/\/s-royaledu.com\/wp-content\/uploads\/2023\/12\/10.jpg\" data-elementor-open-lightbox=\"yes\" data-elementor-lightbox-slideshow=\"6012afc\" data-elementor-lightbox-title=\"10\" data-e-action-hash=\"#elementor-action%3Aaction%3Dlightbox%26settings%3DeyJpZCI6MjMwNzEsInVybCI6Imh0dHBzOlwvXC9zLXJveWFsZWR1LmNvbVwvd3AtY29udGVudFwvdXBsb2Fkc1wvMjAyM1wvMTJcLzEwLmpwZyIsInNsaWRlc2hvdyI6IjYwMTJhZmMifQ%3D%3D\">\n\t\t\t\t\t<div class=\"e-gallery-image elementor-gallery-item__image\" data-thumbnail=\"https:\/\/s-royaledu.com\/wp-content\/uploads\/2023\/12\/10.jpg\" data-width=\"525\" data-height=\"351\" aria-label=\"\" role=\"img\" ><\/div>\n\t\t\t\t\t\t\t\t\t\t\t<div class=\"elementor-gallery-item__overlay\"><\/div>\n\t\t\t\t\t\t\t\t\t\t\t\t\t\t<\/a>\n\t\t\t\t\t\t\t<a class=\"e-gallery-item elementor-gallery-item elementor-animated-content\" href=\"https:\/\/s-royaledu.com\/wp-content\/uploads\/2023\/12\/6.jpg\" data-elementor-open-lightbox=\"yes\" data-elementor-lightbox-slideshow=\"6012afc\" data-elementor-lightbox-title=\"6\" data-e-action-hash=\"#elementor-action%3Aaction%3Dlightbox%26settings%3DeyJpZCI6MjMwNjcsInVybCI6Imh0dHBzOlwvXC9zLXJveWFsZWR1LmNvbVwvd3AtY29udGVudFwvdXBsb2Fkc1wvMjAyM1wvMTJcLzYuanBnIiwic2xpZGVzaG93IjoiNjAxMmFmYyJ9\">\n\t\t\t\t\t<div class=\"e-gallery-image elementor-gallery-item__image\" data-thumbnail=\"https:\/\/s-royaledu.com\/wp-content\/uploads\/2023\/12\/6-1024x683.jpg\" data-width=\"525\" data-height=\"350\" aria-label=\"\" role=\"img\" ><\/div>\n\t\t\t\t\t\t\t\t\t\t\t<div class=\"elementor-gallery-item__overlay\"><\/div>\n\t\t\t\t\t\t\t\t\t\t\t\t\t\t<\/a>\n\t\t\t\t\t\t\t<a class=\"e-gallery-item elementor-gallery-item elementor-animated-content\" href=\"https:\/\/s-royaledu.com\/wp-content\/uploads\/2023\/12\/14.jpg\" data-elementor-open-lightbox=\"yes\" data-elementor-lightbox-slideshow=\"6012afc\" data-elementor-lightbox-title=\"14\" data-e-action-hash=\"#elementor-action%3Aaction%3Dlightbox%26settings%3DeyJpZCI6MjMwNzUsInVybCI6Imh0dHBzOlwvXC9zLXJveWFsZWR1LmNvbVwvd3AtY29udGVudFwvdXBsb2Fkc1wvMjAyM1wvMTJcLzE0LmpwZyIsInNsaWRlc2hvdyI6IjYwMTJhZmMifQ%3D%3D\">\n\t\t\t\t\t<div class=\"e-gallery-image elementor-gallery-item__image\" data-thumbnail=\"https:\/\/s-royaledu.com\/wp-content\/uploads\/2023\/12\/14.jpg\" data-width=\"525\" data-height=\"349\" aria-label=\"\" role=\"img\" ><\/div>\n\t\t\t\t\t\t\t\t\t\t\t<div class=\"elementor-gallery-item__overlay\"><\/div>\n\t\t\t\t\t\t\t\t\t\t\t\t\t\t<\/a>\n\t\t\t\t\t\t\t<a class=\"e-gallery-item elementor-gallery-item elementor-animated-content\" href=\"https:\/\/s-royaledu.com\/wp-content\/uploads\/2023\/12\/11.jpg\" data-elementor-open-lightbox=\"yes\" data-elementor-lightbox-slideshow=\"6012afc\" data-elementor-lightbox-title=\"11\" data-e-action-hash=\"#elementor-action%3Aaction%3Dlightbox%26settings%3DeyJpZCI6MjMwNzIsInVybCI6Imh0dHBzOlwvXC9zLXJveWFsZWR1LmNvbVwvd3AtY29udGVudFwvdXBsb2Fkc1wvMjAyM1wvMTJcLzExLmpwZyIsInNsaWRlc2hvdyI6IjYwMTJhZmMifQ%3D%3D\">\n\t\t\t\t\t<div class=\"e-gallery-image elementor-gallery-item__image\" data-thumbnail=\"https:\/\/s-royaledu.com\/wp-content\/uploads\/2023\/12\/11.jpg\" data-width=\"525\" data-height=\"262\" aria-label=\"\" role=\"img\" ><\/div>\n\t\t\t\t\t\t\t\t\t\t\t<div class=\"elementor-gallery-item__overlay\"><\/div>\n\t\t\t\t\t\t\t\t\t\t\t\t\t\t<\/a>\n\t\t\t\t\t\t\t<a class=\"e-gallery-item elementor-gallery-item elementor-animated-content\" href=\"https:\/\/s-royaledu.com\/wp-content\/uploads\/2023\/12\/12.jpg\" data-elementor-open-lightbox=\"yes\" data-elementor-lightbox-slideshow=\"6012afc\" data-elementor-lightbox-title=\"Happy group of students\" data-e-action-hash=\"#elementor-action%3Aaction%3Dlightbox%26settings%3DeyJpZCI6MjMwNzMsInVybCI6Imh0dHBzOlwvXC9zLXJveWFsZWR1LmNvbVwvd3AtY29udGVudFwvdXBsb2Fkc1wvMjAyM1wvMTJcLzEyLmpwZyIsInNsaWRlc2hvdyI6IjYwMTJhZmMifQ%3D%3D\">\n\t\t\t\t\t<div class=\"e-gallery-image elementor-gallery-item__image\" data-thumbnail=\"https:\/\/s-royaledu.com\/wp-content\/uploads\/2023\/12\/12.jpg\" data-width=\"525\" data-height=\"349\" aria-label=\"\" role=\"img\" ><\/div>\n\t\t\t\t\t\t\t\t\t\t\t<div class=\"elementor-gallery-item__overlay\"><\/div>\n\t\t\t\t\t\t\t\t\t\t\t\t\t\t<\/a>\n\t\t\t\t\t<\/div>\n\t\t\t<\/div>\n\t\t\t\t<\/div>\n\t\t\t\t\t<\/div>\n\t\t<\/div>\n\t\t\t\t\t<\/div>\n\t\t<\/section>\n\t\t\t\t<section class=\"elementor-section elementor-top-section elementor-element elementor-element-cb8adcd elementor-section-boxed elementor-section-height-default elementor-section-height-default\" data-id=\"cb8adcd\" data-element_type=\"section\" data-settings=\"{&quot;background_background&quot;:&quot;classic&quot;}\">\n\t\t\t\t\t\t<div class=\"elementor-container elementor-column-gap-no\">\n\t\t\t\t\t<div class=\"elementor-column elementor-col-100 elementor-top-column elementor-element elementor-element-6e9cd6fe\" data-id=\"6e9cd6fe\" data-element_type=\"column\">\n\t\t\t<div class=\"elementor-widget-wrap elementor-element-populated\">\n\t\t\t\t\t\t<section class=\"elementor-section elementor-inner-section elementor-element elementor-element-37ece8e7 elementor-section-boxed elementor-section-height-default elementor-section-height-default\" data-id=\"37ece8e7\" data-element_type=\"section\">\n\t\t\t\t\t\t<div class=\"elementor-container elementor-column-gap-default\">\n\t\t\t\t\t<div class=\"elementor-column elementor-col-50 elementor-inner-column elementor-element elementor-element-39731287\" data-id=\"39731287\" data-element_type=\"column\">\n\t\t\t<div class=\"elementor-widget-wrap elementor-element-populated\">\n\t\t\t\t\t\t<div class=\"elementor-element elementor-element-653dbaab elementor-widget__width-initial edubin-title-align-left elementor-widget elementor-widget-section-title-addons\" data-id=\"653dbaab\" data-element_type=\"widget\" data-widget_type=\"section-title-addons.default\">\n\t\t\t\t<div class=\"elementor-widget-container\">\n\t\t\t            <div class=\"edubin-section-title edubin-subtitle-position-top title-style-four\">\n                <h2 class=\"section-title-txt\">OUR CONSULTANTS<\/h2><div class=\"edubin-title-sperator-sec\"><span class=\"edubin-title-sperator\">&nbsp;<\/span><\/div><p class=\"section-subtitle-txt\">OUR TEAMMATES<\/p>            <\/div>\n\n        \t\t<\/div>\n\t\t\t\t<\/div>\n\t\t\t\t<div class=\"elementor-element elementor-element-2c132437 elementor-widget elementor-widget-text-editor\" data-id=\"2c132437\" data-element_type=\"widget\" data-widget_type=\"text-editor.default\">\n\t\t\t\t<div class=\"elementor-widget-container\">\n\t\t\t\t\t\t\t<p>Our consultants are ready to answer all your questions.<\/p>\t\t\t\t\t\t<\/div>\n\t\t\t\t<\/div>\n\t\t\t\t<div class=\"elementor-element elementor-element-77216386 elementor-align-left elementor-tablet-align-left elementor-mobile-align-center elementor-widget elementor-widget-button\" data-id=\"77216386\" data-element_type=\"widget\" data-widget_type=\"button.default\">\n\t\t\t\t<div class=\"elementor-widget-container\">\n\t\t\t\t\t<div class=\"elementor-button-wrapper\">\n\t\t\t<a class=\"elementor-button elementor-button-link elementor-size-sm\" href=\"https:\/\/s-royaledu.com\/eng\/iletisim\/\">\n\t\t\t\t\t\t<span class=\"elementor-button-content-wrapper\">\n\t\t\t\t\t\t\t\t\t<span class=\"elementor-button-text\">Make an appointment<\/span>\n\t\t\t\t\t<\/span>\n\t\t\t\t\t<\/a>\n\t\t<\/div>\n\t\t\t\t<\/div>\n\t\t\t\t<\/div>\n\t\t\t\t\t<\/div>\n\t\t<\/div>\n\t\t\t\t<div class=\"elementor-column elementor-col-50 elementor-inner-column elementor-element elementor-element-3e7ce82b\" data-id=\"3e7ce82b\" data-element_type=\"column\">\n\t\t\t<div class=\"elementor-widget-wrap elementor-element-populated\">\n\t\t\t\t\t\t<div class=\"elementor-element elementor-element-7672a489 elementor-widget elementor-widget-edubin-teacher-addons\" data-id=\"7672a489\" data-element_type=\"widget\" data-widget_type=\"edubin-teacher-addons.default\">\n\t\t\t\t<div class=\"elementor-widget-container\">\n\t\t\t        <div class=\"row\" >\n\n                            <div class=\"col-xs-12 col-sm-6 col-md-6 col-lg-6\" >\n\n                                        <div class=\"edubin-single-teacher  mb-30 text-center\">\n                        <div class=\"image\">\n                                                            <a href=\"https:\/\/s-royaledu.com\/eng\/iletisim\/\" >\n                                                                <div class=\"teacher-image\"><img fetchpriority=\"high\" decoding=\"async\" width=\"300\" height=\"285\" src=\"https:\/\/s-royaledu.com\/wp-content\/uploads\/2023\/12\/SERKAN-SUMER-FOTOGRAF-300x285.jpeg\" class=\"attachment-medium size-medium wp-image-23818\" alt=\"\" srcset=\"https:\/\/s-royaledu.com\/wp-content\/uploads\/2023\/12\/SERKAN-SUMER-FOTOGRAF-300x285.jpeg 300w, https:\/\/s-royaledu.com\/wp-content\/uploads\/2023\/12\/SERKAN-SUMER-FOTOGRAF-1024x974.jpeg 1024w, https:\/\/s-royaledu.com\/wp-content\/uploads\/2023\/12\/SERKAN-SUMER-FOTOGRAF-768x730.jpeg 768w, https:\/\/s-royaledu.com\/wp-content\/uploads\/2023\/12\/SERKAN-SUMER-FOTOGRAF-13x12.jpeg 13w, https:\/\/s-royaledu.com\/wp-content\/uploads\/2023\/12\/SERKAN-SUMER-FOTOGRAF.jpeg 1526w\" sizes=\"(max-width: 300px) 100vw, 300px\" \/><\/div>                                                                <\/a>\n                                <!-- End teacher image -->\n                            <\/div>\n                            \n                                <div class=\"teacher-content-area\">\n                                    <div class=\"teacher-content\">\n                                                                                    <a href=\"https:\/\/s-royaledu.com\/eng\/iletisim\/\">\n                                                                                        <h6 class=\"teacher-name\">Serkan S\u00dcMER<\/h6>\n                                                                                        <\/a>\n                                            <!--  End title -->\n\n                                                                                            <span class=\"teacher-degree\">Education Consultant<\/span>\n                                            \n                                            \n                                            <!--  End social -->\n\n                    <\/div>\n                <\/div>\n                <!-- End teacher content -->\n            <\/div> <!-- single teachers -->\n        <\/div>\n                    <div class=\"col-xs-12 col-sm-6 col-md-6 col-lg-6\" >\n\n                                        <div class=\"edubin-single-teacher  mb-30 text-center\">\n                        <div class=\"image\">\n                                                            <a href=\"https:\/\/s-royaledu.com\/eng\/iletisim\/\" >\n                                                                <div class=\"teacher-image\"><img decoding=\"async\" width=\"525\" height=\"499\" src=\"https:\/\/s-royaledu.com\/wp-content\/uploads\/2023\/12\/SERKAN-SUMER-FOTOGRAF2-768x730.jpg\" class=\"attachment-medium_large size-medium_large wp-image-23821\" alt=\"\" srcset=\"https:\/\/s-royaledu.com\/wp-content\/uploads\/2023\/12\/SERKAN-SUMER-FOTOGRAF2-768x730.jpg 768w, https:\/\/s-royaledu.com\/wp-content\/uploads\/2023\/12\/SERKAN-SUMER-FOTOGRAF2-300x285.jpg 300w, https:\/\/s-royaledu.com\/wp-content\/uploads\/2023\/12\/SERKAN-SUMER-FOTOGRAF2-1024x974.jpg 1024w, https:\/\/s-royaledu.com\/wp-content\/uploads\/2023\/12\/SERKAN-SUMER-FOTOGRAF2-13x12.jpg 13w, https:\/\/s-royaledu.com\/wp-content\/uploads\/2023\/12\/SERKAN-SUMER-FOTOGRAF2.jpg 1526w\" sizes=\"(max-width: 525px) 100vw, 525px\" \/><\/div>                                                                <\/a>\n                                <!-- End teacher image -->\n                            <\/div>\n                            \n                                <div class=\"teacher-content-area\">\n                                    <div class=\"teacher-content\">\n                                                                                    <a href=\"https:\/\/s-royaledu.com\/eng\/iletisim\/\">\n                                                                                        <h6 class=\"teacher-name\">SEDA AV\u015eAR S\u00dcMER<\/h6>\n                                                                                        <\/a>\n                                            <!--  End title -->\n\n                                                                                            <span class=\"teacher-degree\">Education Consultant<\/span>\n                                            \n                                            \n                                            <!--  End social -->\n\n                    <\/div>\n                <\/div>\n                <!-- End teacher content -->\n            <\/div> <!-- single teachers -->\n        <\/div>\n    \n<\/div>\n\n\t\t<\/div>\n\t\t\t\t<\/div>\n\t\t\t\t\t<\/div>\n\t\t<\/div>\n\t\t\t\t\t<\/div>\n\t\t<\/section>\n\t\t\t\t\t<\/div>\n\t\t<\/div>\n\t\t\t\t\t<\/div>\n\t\t<\/section>\n\t\t\t\t<\/div>","protected":false},"excerpt":{"rendered":"<p>Yaz kamplar\u0131nda farkl\u0131 \u00fclkeleri, harika k\u00fclt\u00fcrleri, ve kendi d\u00fcnyan\u0131z\u0131 Ke\u015ffedin! Yaz kamplar\u0131, \u0130ngilizce konu\u015fulan bir ortamda tam kapsaml\u0131 bir deneyim sunar. Kat\u0131l\u0131mc\u0131lar\u0131n etraf\u0131 \u0130ngilizce konu\u015fanlarla \u00e7evrilidir ve bu da onlar\u0131n do\u011fal bir ortamda dil becerilerini geli\u015ftirmelerine ve pratik yapmalar\u0131na yard\u0131mc\u0131 oluyor. Nefes kesen manzaralar\u0131n, dost [&hellip;]<\/p>","protected":false},"author":1,"featured_media":0,"parent":0,"menu_order":0,"comment_status":"closed","ping_status":"closed","template":"","meta":{"footnotes":""},"class_list":["post-18417","page","type-page","status-publish","hentry"],"_links":{"self":[{"href":"https:\/\/s-royaledu.com\/eng\/wp-json\/wp\/v2\/pages\/18417"}],"collection":[{"href":"https:\/\/s-royaledu.com\/eng\/wp-json\/wp\/v2\/pages"}],"about":[{"href":"https:\/\/s-royaledu.com\/eng\/wp-json\/wp\/v2\/types\/page"}],"author":[{"embeddable":true,"href":"https:\/\/s-royaledu.com\/eng\/wp-json\/wp\/v2\/users\/1"}],"replies":[{"embeddable":true,"href":"https:\/\/s-royaledu.com\/eng\/wp-json\/wp\/v2\/comments?post=18417"}],"version-history":[{"count":0,"href":"https:\/\/s-royaledu.com\/eng\/wp-json\/wp\/v2\/pages\/18417\/revisions"}],"wp:attachment":[{"href":"https:\/\/s-royaledu.com\/eng\/wp-json\/wp\/v2\/media?parent=18417"}],"curies":[{"name":"wp","href":"https:\/\/api.w.org\/{rel}","templated":true}]}}