{"id":23876,"date":"2024-01-01T15:38:19","date_gmt":"2024-01-01T15:38:19","guid":{"rendered":"https:\/\/s-royaledu.com\/?page_id=23876"},"modified":"2024-01-01T15:54:23","modified_gmt":"2024-01-01T15:54:23","slug":"profesyonel-destek","status":"publish","type":"page","link":"https:\/\/s-royaledu.com\/eng\/profesyonel-destek\/","title":{"rendered":"Professional Support"},"content":{"rendered":"<div data-elementor-type=\"wp-page\" data-elementor-id=\"23876\" class=\"elementor elementor-23876\" data-elementor-post-type=\"page\">\n\t\t\t\t\t\t<section class=\"elementor-section elementor-top-section elementor-element elementor-element-702ee4e elementor-section-boxed elementor-section-height-default elementor-section-height-default\" data-id=\"702ee4e\" data-element_type=\"section\">\n\t\t\t\t\t\t<div class=\"elementor-container elementor-column-gap-default\">\n\t\t\t\t\t<div class=\"elementor-column elementor-col-100 elementor-top-column elementor-element elementor-element-275da2b\" data-id=\"275da2b\" data-element_type=\"column\">\n\t\t\t<div class=\"elementor-widget-wrap elementor-element-populated\">\n\t\t\t\t\t\t<div class=\"elementor-element elementor-element-ba70aff elementor-widget elementor-widget-text-editor\" data-id=\"ba70aff\" data-element_type=\"widget\" data-widget_type=\"text-editor.default\">\n\t\t\t\t<div class=\"elementor-widget-container\">\n\t\t\t\t\t\t\t<p>For your Education and Career, you should definitely seek the services of experienced education consultants and institutions that can provide guidance and mentoring like us. If you are seeking professional support as a client, there will of course be some key areas where you can seek help or resources, and this is where we come in for you. The primary objective of an abroad educational consultant is to guide students through the complex process of selecting and applying to universities or institutions outside their home country.<\/p><p>Always stay informed about the latest developments in Education theory, technology and policy. You are privileged to have our head office in Canada.<\/p><p>Remember that continuous learning and adaptability are very important in the field of education consulting. As a company that constantly updates itself, we also offer mentoring services to students about the experiences they can have in the countries where they will study.<\/p><p>We communicate clearly and effectively, actively listening to students' concerns, questions and goals, adapting ourselves to the student's preferences and understanding.<\/p><p>We tailor our advice to each student's unique situation and their goals, interests and skills to help them determine their academic and career path. Of course, this approach will make it easier for you to adapt to the country you are going to.<\/p><p>We teach our students how to defend themselves in educational environments. We support them in developing skills such as effective communication with teachers and administrators.<\/p><p>As an alternative, we offer you professional support in visa, accommodation, transportation and employment issues.<\/p>\t\t\t\t\t\t<\/div>\n\t\t\t\t<\/div>\n\t\t\t\t\t<\/div>\n\t\t<\/div>\n\t\t\t\t\t<\/div>\n\t\t<\/section>\n\t\t\t\t<\/div>","protected":false},"excerpt":{"rendered":"<p>E\u011fitim ve Kariyeriniz i\u00e7in kesinlikle, bizler gibi\u00a0 rehberlik ve mentorluk sa\u011flayabilecek deneyimli e\u011fitim dan\u0131\u015fmanlar\u0131ndan ve kurumlardan hizmet almay\u0131 tercih ediniz. Bir dan\u0131\u015fan olarak profesyonel destek ar\u0131yorsan\u0131z, yard\u0131m veya kaynak arayabilece\u011finiz baz\u0131 temel alanlar elbette olacakt\u0131r, i\u015fte biz bu durumda sizler i\u00e7in devreye giriyoruz. Yurtd\u0131\u015f\u0131 e\u011fitim [&hellip;]<\/p>","protected":false},"author":1,"featured_media":0,"parent":0,"menu_order":0,"comment_status":"closed","ping_status":"closed","template":"","meta":{"footnotes":""},"class_list":["post-23876","page","type-page","status-publish","hentry"],"_links":{"self":[{"href":"https:\/\/s-royaledu.com\/eng\/wp-json\/wp\/v2\/pages\/23876"}],"collection":[{"href":"https:\/\/s-royaledu.com\/eng\/wp-json\/wp\/v2\/pages"}],"about":[{"href":"https:\/\/s-royaledu.com\/eng\/wp-json\/wp\/v2\/types\/page"}],"author":[{"embeddable":true,"href":"https:\/\/s-royaledu.com\/eng\/wp-json\/wp\/v2\/users\/1"}],"replies":[{"embeddable":true,"href":"https:\/\/s-royaledu.com\/eng\/wp-json\/wp\/v2\/comments?post=23876"}],"version-history":[{"count":0,"href":"https:\/\/s-royaledu.com\/eng\/wp-json\/wp\/v2\/pages\/23876\/revisions"}],"wp:attachment":[{"href":"https:\/\/s-royaledu.com\/eng\/wp-json\/wp\/v2\/media?parent=23876"}],"curies":[{"name":"wp","href":"https:\/\/api.w.org\/{rel}","templated":true}]}}